tive of 3*k**3 + 5*k**2/2 + k + 5. Let y be b(4). Let w = y + -116. What is the tens digit of w?
4
Let d be ((200/(-15))/8)/(1/(-3)). Suppose -b = -4*s - 88, -d*s + 298 = b + 2*b. What is the units digit of b?
6
Suppose 50*z + 5*s - 21636 = 48*z, -32488 = -3*z + s. What is the ten thousands digit of z?
1
Suppose 5*b + y + y = 900, 5*b - 880 = 2*y. Let m be b - -3 - (-16)/(-4). Suppose -i = 64 - m. What is the units digit of i?
3
Suppose 10*g - 5*g - 139180 = 5*v, 4*g - 5*v = 111342. What is the hundreds digit of g?
8
Let t = 5263 + -3800. What is the hundreds digit of t?
4
Suppose -4*n - z + 33584 = 0, 2*n + 4*z - 11655 - 5151 = 0. What is the hundreds digit of n?
3
Let s be 19/(-133) - (-4128)/(-14). Let k = s + 704. What is the hundreds digit of k?
4
Let a(q) = -75*q**3 - q - 1. Let x be a(-1). Let c = -2973 + 3190. Let d = c - x. What is the tens digit of d?
4
What is the tens digit of 11089 + -414 - 3*-5?
9
Suppose 4*v + 241 = q, 3*v + 2*q + 0*q + 167 = 0. Let i = v - -413. What is the units digit of i?
4
Let s(w) = -10*w**3 + 8*w**2 + 9*w + 7. Let n be s(-3). Let c = n - -588. What is the hundreds digit of c?
9
Suppose 5*k - 3*l = 28, -6*k + 10*k + 4*l = 16. Suppose -3*m = -5*i - 2909, -k*m + 6*m - 967 = i. What is the units digit of m?
3
Let i(k) = 5*k**2 - 3*k + 2. Let c be i(2). Let o = 598 - 610. What is the units digit of 113 + c/o*-3?
7
Let q(i) be the second derivative of -i**4/12 - i**3/6 + 4*i**2 + 35*i. Let j be q(-5). What is the units digit of (2/8 - 669/j)*4?
4
Suppose 0 = 4*s + 2*f + 38, -2*s - 3*f - 1 = 8. What is the units digit of 3496/32 - 0 - (-15)/s?
8
Let o(h) = -h**2 + 21*h - 34. Let u be o(19). Suppose 1633 + 243 = 4*d - u*v, -3*v + 469 = d. What is the tens digit of d?
6
What is the tens digit of -2*(14 - 113020/8)?
2
Let r(o) = -6*o + 73. Let v be r(-58). Suppose f = 429 + v. What is the tens digit of f?
5
Let n(j) = j**2 + 32*j + 127. Let u be n(-27). Let r = 361 - u. What is the hundreds digit of r?
3
Suppose 0 = 39*q - 16*q - 23. Let k(o) = 956*o**2 + 3*o - 4. What is the units digit of k(q)?
5
What is the ten thousands digit of ((-80)/120)/(728756/182190 + -4)?
3
Suppose 0 = -72*d + 2122280 - 1778834 + 2210970. What is the tens digit of d?
7
Suppose 28*d = 30*d + 4. What is the tens digit of (d + -84)/(5/(-20))?
4
Suppose 0 = k - 3*h - 5, -8 = -3*k + 5*h + 15. Let p be 2/2 + k/(66/18). Suppose -p*l + 257 = -0*l - 5*d, 4*d - 148 = -2*l. What is the tens digit of l?
6
Suppose -64 = -5*y + 86. Suppose -y*l - 999 = -33*l. What is the hundreds digit of l?
3
Let y(s) = -s**2 + 14*s - 20. Let f be y(12). Suppose -2*k = -f, 1 + 9 = -r + 2*k. What is the units digit of 8 + r + (1 - 27/(-1))?
0
Suppose 0 = 3458*p - 3466*p + 55312. What is the thousands digit of p?
6
Let m(w) be the first derivative of 45*w**4/2 - 2*w**3/3 + w**2/2 + 11. Let p be m(1). Let t = -48 + p. What is the tens digit of t?
4
Let t = -2530 - -3703. What is the tens digit of t?
7
Let k = -84861 - -126099. What is the tens digit of k?
3
Suppose -q + h + 1956 - 234 = 0, 3*q = -h + 5158. What is the thousands digit of q?
1
Suppose 0 = 23*s - 20*s - 2460. Let l = -471 + s. What is the hundreds digit of l?
3
Suppose 18*q = 543554 + 66232. What is the tens digit of q?
7
Suppose 85 = -4*s + 3*s. Suppose 304*d - 234*d + 15540 = 0. Let a = s - d. What is the tens digit of a?
3
Suppose 4*r - 2874 = 198. Suppose -1 - 2 = k, -r = -3*x + 3*k. What is the units digit of x?
3
Suppose 0 = 12*s + 3911 - 101519. What is the units digit of s?
4
Let l be -2 - (-416 - 56/8). Suppose 0 = -c + l + 222. What is the hundreds digit of c?
6
Suppose 40*r = 63*r - 19113. Let t = -19 + r. What is the units digit of t?
2
Suppose -32 = -2*c - 26, -2*n - 5*c = 3257. What is the tens digit of n/5*(-195)/78?
1
Suppose 3*y - 9 = 0, -3*d - 5 = -2*y + 64. Let z = d + 21. What is the tens digit of z + (6 + -9 - (-1 - 17))?
1
Suppose 72*t = 64*t + 65096. Suppose 0 = -3*i + t - 2188. What is the units digit of i?
3
Let i(j) = j**3 - 6*j**2 - 4*j - 1. Let t be i(7). Let v = -41 + t. What is the tens digit of (-28 - -24)/(v/20 + 1)?
8
Suppose 0 = 59*m + 51*m - 794860. What is the tens digit of m?
2
Suppose -s + 20703 = m + 3806, 2*s - 67582 = -4*m. What is the tens digit of m?
9
Let j be 382*(-5)/25*-5. Suppose -10*m = -3*p - 7*m + 294, m = -4*p + j. Let w = 134 - p. What is the tens digit of w?
3
Let w = 153 + -150. Let b(x) = -3 + 16*x**3 - 9*x**2 - 8*x**3 - 2*x**3 - 10*x**w + 4*x. What is the tens digit of b(-5)?
5
Suppose 2*d + 2*j - 101300 = 0, -272*d + 4*j = -270*d - 101306. What is the units digit of d?
1
What is the units digit of (-3 - 110/(-40)) + 94083/12 - -3?
3
What is the units digit of (-2)/(-4) - (-441250)/500?
3
Let n(y) = y**3 + 8*y**2 + 20*y - 20. Let x be n(11). Let c = x + -1021. What is the thousands digit of c?
1
Let k = -6133 + 40265. What is the ten thousands digit of k?
3
Let a(f) = -9176*f - 20. Let r be a(-1). Suppose 21*g = 7*g + r. What is the tens digit of g?
5
What is the hundreds digit of 1/8 + 13847790/528 + (4 - 0)?
2
Suppose q + 5*c - 227 = 0, q = 2*q + c - 247. Suppose -254*z = -q*z - 568. What is the tens digit of z?
8
Suppose 0 = -17*d + 221344 + 164540 - 11527. What is the thousands digit of d?
2
Suppose y - 55 = -3*m + 19, 2*m - 48 = -2*y. Let k(o) = -m + 0*o + 6*o + 6*o**2 + 27. What is the units digit of k(-4)?
4
Suppose 262*r - 12176 = 258*r. Suppose 33*g + r = 4*c + 37*g, 5*g - 5 = 0. What is the units digit of c?
0
Let a(h) = -h**3 + 5*h**2 - 12*h + 14. Let k be a(6). Let j = k - -217. What is the units digit of j?
3
Suppose -24 = -10*d + 2*d. Suppose -2*w + 1071 = 7*a - 2*a, d*a - 647 = w. What is the tens digit of a?
1
Let k(s) be the first derivative of -11*s**5/60 - 29*s**4/24 - 9*s**3 + 27. Let i(a) be the third derivative of k(a). What is the hundreds digit of i(-10)?
1
Suppose 500 = 25*o + 25*o. Suppose 4*u - 4012 = 2*w, 5*w - 20 = o*w. What is the units digit of u?
1
Suppose 4*a = 5*o + 697 + 3736, 2*a - o - 2209 = 0. Suppose 0 = -9*n + 10273 - a. What is the thousands digit of n?
1
Suppose 2*d - 239 = d. Let z = -81 + d. Let t = 260 - z. What is the units digit of t?
2
What is the tens digit of 25/(300/24)*1093?
8
Let y = -1 - -29. Let f(n) = -17*n + y + 34*n - 28*n. What is the hundreds digit of f(-12)?
1
Suppose 7472*y - 7535*y = -1740249. What is the thousands digit of y?
7
What is the thousands digit of 5 - (1 + 123072/(-30)) - 49/35?
4
Let t = 115 - 172. Let x = 17 - t. Suppose -a = -x + 18. What is the tens digit of a?
5
Let u = -101 + 232. Let t(r) = -5*r**2 + 71*r - 214. Let h be t(8). Let i = u - h. What is the units digit of i?
7
Let x = 52827 + -33800. What is the thousands digit of x?
9
Let k(q) = -q**3 - 7*q**2 - 4*q + 7. Let a be k(-7). Let h = 258 + 8. Suppose -2*c = -4*o + h, 103 = o - 2*c + a. What is the units digit of o?
6
Suppose 0 = -i + 19 - 11. What is the hundreds digit of ((-270)/80)/(-9) + 2405/i?
3
Suppose c + p - 10769 = 5389, 7*p - 49 = 0. What is the hundreds digit of c?
1
Suppose 0 = i - 2*n - 1622 - 5608, 0 = 4*i - 5*n - 28932. What is the tens digit of i?
3
Let s(u) be the second derivative of u**5/20 - 19*u**4/12 + 2*u**3 + 4*u**2 - 23*u. Let f be s(19). Let m = -90 + f. What is the hundreds digit of m?
1
Let y = 9560 - 8383. What is the units digit of y?
7
What is the hundreds digit of ((-15)/20*-8 + -2)*95?
3
Let n(k) = 10*k**2 + 14*k - 30. What is the hundreds digit of n(-6)?
2
Let a be 1/((-5)/(-3)) - (-24)/10. Suppose -3*c - 3*i + 5*i + 287 = 0, 5*c + a*i - 472 = 0. What is the units digit of c?
5
Let x(q) = 24*q - 162. Let h be x(7). What is the tens digit of 4988/12 - h/54*-3?
1
Let g = 14359 + 1825. What is the units digit of g?
4
Let f(d) = 16*d**3 + 9*d**2 - 176*d + 4. What is the hundreds digit of f(10)?
1
Let y(t) = 695*t - 1169. What is the tens digit of y(20)?
3
Let z(t) = t**3 - 29*t**2 + 49*t + 50. Let r(j) = j**3 - 30*j**2 + 48*j + 50. Let b(m) = -3*r(m) + 4*z(m). What is the units digit of b(24)?
6
Suppose 11*w - 5845 = 41818. What is the tens digit of w?
3
What is the ten thousands digit of 11/(264/550032) - 2?
2
Suppose -1817*g + 1750*g + 1227373 = 0. What is the hundreds digit of g?
3
Suppose 2*k = -y + 3*y + 2, -3*y = -4*k + 8. What is the units digit of ((-6232)/95)/((-2)/k)?